by 11.
9
Suppose -2*h + 4 + 8 = 0. Suppose 2*o = 5*o - h. What is the remainder when 14 is divided by 3/o*(-10)/(-3)?
4
Suppose 2*b + 5*k - 30 = 0, 6*b = 2*b - k + 42. What is the remainder when 38 is divided by b?
8
Let y(j) = 2*j**2 + 3*j - 1. Let m be y(-3). Suppose -5*n - 6 = -c - 23, 4*c + m = 0. Suppose n*x - 5*x = -10. Calculate the remainder when 8 is divided by x.
3
Suppose 129 = 5*t - 61. Let d = -28 + 72. Suppose 5*q + d = 5*s - 1, -3*s + 4*q = -23. What is the remainder when t is divided by s?
12
Let y(o) = o**3 + 6*o**2 - 3*o - 16. What is the remainder when y(-4) is divided by 10?
8
Suppose 0*b - 10 = 3*b - 4*t, 12 = 2*b + 2*t. Calculate the remainder when 2 is divided by b.
0
Let x(n) = -5*n - 33. What is the remainder when x(-13) is divided by 2?
0
Calculate the remainder when 48 is divided by 13/(0/5 - -1).
9
Let z = -2 + 4. Calculate the remainder when 7 is divided by z.
1
Suppose -4*w - 20 = -3*w. Let a = 6 - w. Calculate the remainder when a is divided by 7.
5
Suppose -2*m - 57 = -3*m. Suppose -41*g + 120 = -35*g. Calculate the remainder when m is divided by g.
17
Suppose -11*l = -16*l + 275. Calculate the remainder when l is divided by 19.
17
Let f(z) = 4*z**2 - 1. Calculate the remainder when 44 is divided by f(2).
14
Suppose -48 = -3*q + 3*n, 3*n - 1 + 5 = -q. Let h(g) = -8*g + 42 + 7*g - 11. Calculate the remainder when h(0) is divided by q.
9
Suppose 5*q - 2*j - 2*j - 224 = 0, -5*q - j = -219. What is the remainder when 217 is divided by q?
41
Suppose -d + 2 = -4. Calculate the remainder when d is divided by 6/(-18)*(-11 + -1).
2
Let y = 74 + -26. What is the remainder when y is divided by 13?
9
Suppose 39*k - 6 = 38*k. Suppose -3*x + 15 = 0, x - 27 - 29 = -3*v. What is the remainder when v is divided by k?
5
Let d(z) = -45*z + 5. Let q be d(-4). Suppose 2*v + 287 = 3*r, -2*r - 8*v = -3*v - q. Suppose -r = o - 6*o. What is the remainder when 37 is divided by o?
18
Let p = 3 + 27. What is the remainder when 116 is divided by p?
26
Suppose 0 = -25*r + 30*r - 35. Let c be 2/(-7) + (-404)/7. Let b = c - -84. What is the remainder when b is divided by r?
5
Suppose -10*v - 75 = -15*v. Calculate the remainder when 59 is divided by v.
14
Calculate the remainder when 167 is divided by (-2)/((-560)/(-285) - 2).
53
Suppose v = -v + 28. Calculate the remainder when v is divided by 3.
2
Calculate the remainder when (((-5)/1)/5)/((-3)/45) is divided by (-83)/(-9) - 4/18.
6
Let n(d) = d**2 + 5*d + 14. Suppose -108 = 5*s - 3*i, 4 = 3*i + 1. Let p = -4 - s. Calculate the remainder when n(-9) is divided by p.
16
Suppose -2*h - 2*x = -8, -2*h + 0 + 2 = -4*x. Let r(d) = 2*d**3 + d**2 - 5*d + 2. Calculate the remainder when r(h) is divided by 13.
11
Suppose 50 = 5*n - 360. Calculate the remainder when n is divided by 25.
7
Suppose -3*t = -3*j, -5*j + 3 - 1 = -4*t. Suppose -5*g + p = -3*g - 74, 3*g - 111 = 3*p. Calculate the remainder when g is divided by 12 + 2*1/t.
11
Suppose -4*n + 5*y - 75 = -9*n, n - 3*y - 35 = 0. Calculate the remainder when 77 is divided by n.
17
Let a = 4 + -4. Let y = 7 - a. Let u(v) = 4*v - 1. What is the remainder when u(5) is divided by y?
5
Calculate the remainder when 50 is divided by ((-1)/3)/(2/(-78)).
11
Suppose -4*p = -m - 15 - 0, 7 = p + 3*m. Suppose 5*l = 6*l - p. What is the remainder when 5 is divided by l?
1
Let a(u) = -u + 6. Let h be a(6). What is the remainder when 2/(h + (-1)/(-19)) is divided by 10?
8
Let x = 44 - 21. Let b(w) = 2*w + 2. Let f(r) = r + 2. Let q(j) = -3*b(j) + 2*f(j). Calculate the remainder when x is divided by q(-2).
5
Suppose -2*q - 2*q = -352. What is the remainder when q is divided by 30?
28
Suppose 4 = 3*m - 2. Suppose 0*l = 3*l - 15. What is the remainder when l is divided by m?
1
Suppose 9*k - 2*k = 14. What is the remainder when 38 is divided by (104/((-4)/(-1)))/k?
12
Let l = 8 + -3. Suppose 4*i - 206 = -2*b, -l + 0 = -b. What is the remainder when i is divided by 17?
15
Suppose -2*y + 0*y = 0. Suppose -2*z - 3*v = 3*z - 39, 5*v - 15 = y. Suppose -2*w + 16 = -w. What is the remainder when w is divided by z?
4
Suppose m + 21 = 4*o, -3*o = -2*o + 2*m - 3. Let c be 4/2 + 16/1. Suppose 2*z = -2*b + c, -2*z - 8 = o*b - 32. What is the remainder when z is divided by 4?
3
Suppose -9*d - 111 + 345 = 0. Calculate the remainder when 98 is divided by d.
20
Suppose -6 = -3*g + 5*g. Suppose -c + 4*c = -3*i + 102, 0 = -3*i + 9. Calculate the remainder when (c - 0) + 6/g is divided by 15.
14
Calculate the remainder when 4 is divided by -10 - -15 - (4 + -1).
0
Let d(n) = 16*n**2 + n + 1. Let u be d(3). Suppose 4*o = -0*o + 148. Calculate the remainder when o is divided by u/12 + (-2)/(-3).
11
Suppose 4*t - 123 = -3*n + 10, t - n = 35. Calculate the remainder when t is divided by 18.
16
Suppose 0*r - 52 = -4*r. Calculate the remainder when r is divided by 5.
3
Let b = 13 + -2. Let f(z) = z + 15. Calculate the remainder when f(16) is divided by b.
9
Let c be (-3)/(-5) - 24/40. Suppose -2*b - h = -13, c = -3*b - 3*h + 11 + 1. Calculate the remainder when b is divided by 6.
3
Let x(q) = 6*q - 54. Calculate the remainder when 21 is divided by x(10).
3
Let h(a) = 2*a + 1. Suppose -4*y = -5*y + 3. Calculate the remainder when 27 is divided by h(y).
6
Suppose -5*g + 17 = -2*l - 23, 25 = 5*g + l. Calculate the remainder when 10 is divided by g.
4
Suppose 0*k + 8 = 2*k. Suppose k*s = 10 + 38. What is the remainder when 35 is divided by s?
11
Suppose -2*r + b = -53, -5*r + b + 193 - 68 = 0. What is the remainder when 71 is divided by r?
23
Suppose 15 = -2*z + 4*z + 3*w, 4*z - w - 9 = 0. Let a(s) = 6*s. What is the remainder when a(2) is divided by 23/z + 8/(-12)?
5
Let m(f) = f**2 + f - 4. Let w be m(-8). Suppose -w = -q - 3*q. What is the remainder when 35 is divided by 928/52 + 2/q?
17
Suppose 0 = 2*k - 5 + 1. Suppose -5*n = 3*c + c, -21 = -c + 4*n. Calculate the remainder when c is divided by k.
1
Suppose 0*p - 108 = -4*p. What is the remainder when 79 is divided by p?
25
Let m(d) = -d + 6. Let p be m(6). Suppose p*i = 3*i - 111. What is the remainder when i is divided by 19?
18
Suppose 2*m = 10, 11*h - 9*h + 4*m - 136 = 0. Calculate the remainder when h is divided by 22.
14
Let h(t) = t. Let k(m) = -m - 44. Let i(n) = -2*h(n) - k(n). What is the remainder when i(0) is divided by 12?
8
Let i(y) = y - 13. Let w be i(10). Let d(q) = -2*q + 3. What is the remainder when 35 is divided by d(w)?
8
Let i be (0 - 5 - -2)/(-1). Suppose -i*n + 5 + 13 = 0. Calculate the remainder when 16 is divided by n.
4
What is the remainder when -1*(-3 + (3 - 75)) is divided by 22?
9
Let o(a) = a**2 + 10*a + 6. Suppose -60 = -0*w - 4*w. Calculate the remainder when w is divided by o(0).
3
Let d = 3 + -3. What is the remainder when 19 is divided by 21/(-1 - -4) - d?
5
Let y(m) = 9*m. Let f be y(-1). What is the remainder when 26 is divided by (f/(-2))/((-1)/(-2))?
8
Suppose 0 = -l - 5*t - 10, -5*l + 3*t = -0*t - 62. Let s = 6 + 3. Calculate the remainder when l is divided by (-37)/(-6) + s/(-54).
4
Suppose 0 = 8*x - 3*x - 60. Calculate the remainder when -3 + (0 - -37) + 0 is divided by x.
10
Let y = 16 - 1. What is the remainder when 33 is divided by (9/y + -3)*-5?
9
Suppose -2*t + 48 = -16. Suppose -3*w - 6 = -0*w, 5*w - 24 = 2*i. Let y = t + i. What is the remainder when 58 is divided by y?
13
Let r(m) = m**3 - 8*m**2 - 8*m + 5. What is the remainder when r(9) is divided by (1 - -2)/(3/8)?
6
Let o(f) = f**3 + 4*f**2 + 5*f - 5*f**2 - 5*f**2 + 3. Calculate the remainder when o(6) is divided by 9.
6
Let o = 22 - -6. Calculate the remainder when 53 is divided by o.
25
Suppose 28 - 11 = p. Let m(y) = -y**3 - 4*y**2 + 5. What is the remainder when p is divided by m(-4)?
2
Suppose 4*m - 231 - 93 = 0. Suppose -r - 5*t = -5*r + m, r - 4*t - 23 = 0. Calculate the remainder when r is divided by 11.
8
Let u(o) = -o**3 - o**2 - 1. Let b be u(-2). Suppose -14 = -b*i + 52. Calculate the remainder when i is divided by 8.
6
Let g = -22 - -51. Suppose 2*k + 2*k - 64 = 0. What is the remainder when g is divided by (-4 + 2 - -1) + k?
14
Suppose m - 69 = 5*r, 3*m - 5*m = 2*r - 90. Calculate the remainder when m is divided by 13.
10
Suppose 2*l = -10, 268 = 4*s - 0*l - 4*l. Let a = -37 + s. Calculate the remainder when a is divided 